
{"id":2788,"date":"2022-09-29T11:31:42","date_gmt":"2022-09-29T09:31:42","guid":{"rendered":"https:\/\/babyjourney.se\/?post_type=podcast_episodes&#038;p=2788"},"modified":"2022-10-28T16:48:28","modified_gmt":"2022-10-28T14:48:28","slug":"how-will-i-manage-my-life-if-we-separate","status":"publish","type":"podcast_episodes","link":"https:\/\/webstaging.babyjourney.se\/en\/podcast_episodes\/hur-ska-jag-ha-rad-med-mitt-liv-om-vi-separerar\/","title":{"rendered":"How will I manage my life if we separate?"},"content":{"rendered":"<p>Sometimes the worst happens, no matter how much we don't want to think about it. Death, divorce, illness and other negative life changes can happen when we least expect it. That's why it's important to prepare for the worst! In this episode, Emma from L\u00e4nsf\u00f6rs\u00e4kringar shows you how to do it step by step. Just press play and you'll have answers to your questions in just 15 minutes!<\/p>","protected":false},"featured_media":0,"template":"","meta":{"_acf_changed":false},"podcast_name":[25],"class_list":["post-2788","podcast_episodes","type-podcast_episodes","status-publish","hentry","podcast_name-familjens-ekonomiskola"],"acf":{"sponsorer":"","iframe":"<iframe title=\"Embed Player\" width=\"100%\" height=\"188px\" src=\"https:\/\/embed.acast.com\/633559e99f1fba001235217c\/63355ba5fcfc1400125b1df9\" scrolling=\"no\" frameBorder=\"0\" style=\"border:none;overflow:hidden;\"><\/iframe>"},"yoast_head":"<!-- This site is optimized with the Yoast SEO plugin v27.2 - https:\/\/yoast.com\/product\/yoast-seo-wordpress\/ -->\n<title>Hur ska jag ha r\u00e5d med mitt liv om vi separerar? | Baby Journey<\/title>\n<meta name=\"robots\" content=\"noindex, follow\" \/>\n<meta property=\"og:locale\" content=\"en_US\" \/>\n<meta property=\"og:type\" content=\"article\" \/>\n<meta property=\"og:title\" content=\"Hur ska jag ha r\u00e5d med mitt liv om vi separerar? | Baby Journey\" \/>\n<meta property=\"og:description\" content=\"Ibland intr\u00e4ffar det v\u00e4rsta, hur og\u00e4rna vi \u00e4n vill t\u00e4nka p\u00e5 det. D\u00f6dsfall, skilsm\u00e4ssa, sjukdomar och andra negativa livsf\u00f6r\u00e4ndringar kan h\u00e4nda n\u00e4r vi minst anar det. D\u00e4rf\u00f6r \u00e4r det viktigt att vi f\u00f6rbereder oss f\u00f6r om det v\u00e4rsta h\u00e4nder! Hur&hellip;\" \/>\n<meta property=\"og:url\" content=\"https:\/\/webstaging.babyjourney.se\/en\/podcast_episodes\/how-will-i-manage-my-life-if-we-separate\/\" \/>\n<meta property=\"og:site_name\" content=\"Baby Journey\" \/>\n<meta property=\"article:modified_time\" content=\"2022-10-28T14:48:28+00:00\" \/>\n<meta name=\"twitter:card\" content=\"summary_large_image\" \/>\n<meta name=\"twitter:label1\" content=\"Est. reading time\" \/>\n\t<meta name=\"twitter:data1\" content=\"8 minutes\" \/>\n<script type=\"application\/ld+json\" class=\"yoast-schema-graph\">{\"@context\":\"https:\/\/schema.org\",\"@graph\":[{\"@type\":\"WebPage\",\"@id\":\"https:\/\/webstaging.babyjourney.se\/podcast_episodes\/hur-ska-jag-ha-rad-med-mitt-liv-om-vi-separerar\/\",\"url\":\"https:\/\/webstaging.babyjourney.se\/podcast_episodes\/hur-ska-jag-ha-rad-med-mitt-liv-om-vi-separerar\/\",\"name\":\"Hur ska jag ha r\u00e5d med mitt liv om vi separerar? | Baby Journey\",\"isPartOf\":{\"@id\":\"https:\/\/webstaging.babyjourney.se\/#website\"},\"datePublished\":\"2022-09-29T09:31:42+00:00\",\"dateModified\":\"2022-10-28T14:48:28+00:00\",\"breadcrumb\":{\"@id\":\"https:\/\/webstaging.babyjourney.se\/podcast_episodes\/hur-ska-jag-ha-rad-med-mitt-liv-om-vi-separerar\/#breadcrumb\"},\"inLanguage\":\"en-US\",\"potentialAction\":[{\"@type\":\"ReadAction\",\"target\":[\"https:\/\/webstaging.babyjourney.se\/podcast_episodes\/hur-ska-jag-ha-rad-med-mitt-liv-om-vi-separerar\/\"]}]},{\"@type\":\"BreadcrumbList\",\"@id\":\"https:\/\/webstaging.babyjourney.se\/podcast_episodes\/hur-ska-jag-ha-rad-med-mitt-liv-om-vi-separerar\/#breadcrumb\",\"itemListElement\":[{\"@type\":\"ListItem\",\"position\":1,\"name\":\"Home\",\"item\":\"https:\/\/webstaging.babyjourney.se\/\"},{\"@type\":\"ListItem\",\"position\":2,\"name\":\"Hur ska jag ha r\u00e5d med mitt liv om vi separerar?\"}]},{\"@type\":\"WebSite\",\"@id\":\"https:\/\/webstaging.babyjourney.se\/#website\",\"url\":\"https:\/\/webstaging.babyjourney.se\/\",\"name\":\"Baby Journey\",\"description\":\"Baby Journey Gravidapp \u00e4r framtagen f\u00f6r att minska ensamheten under en graviditet och \u00f6ka samh\u00f6righeten bland gravida kvinnor och partners.\",\"potentialAction\":[{\"@type\":\"SearchAction\",\"target\":{\"@type\":\"EntryPoint\",\"urlTemplate\":\"https:\/\/webstaging.babyjourney.se\/?s={search_term_string}\"},\"query-input\":{\"@type\":\"PropertyValueSpecification\",\"valueRequired\":true,\"valueName\":\"search_term_string\"}}],\"inLanguage\":\"en-US\"}]}<\/script>\n<!-- \/ Yoast SEO plugin. -->","yoast_head_json":{"title":"How will I afford my life if we separate? | Baby Journey","robots":{"index":"noindex","follow":"follow"},"og_locale":"en_US","og_type":"article","og_title":"Hur ska jag ha r\u00e5d med mitt liv om vi separerar? | Baby Journey","og_description":"Ibland intr\u00e4ffar det v\u00e4rsta, hur og\u00e4rna vi \u00e4n vill t\u00e4nka p\u00e5 det. D\u00f6dsfall, skilsm\u00e4ssa, sjukdomar och andra negativa livsf\u00f6r\u00e4ndringar kan h\u00e4nda n\u00e4r vi minst anar det. D\u00e4rf\u00f6r \u00e4r det viktigt att vi f\u00f6rbereder oss f\u00f6r om det v\u00e4rsta h\u00e4nder! Hur&hellip;","og_url":"https:\/\/webstaging.babyjourney.se\/en\/podcast_episodes\/how-will-i-manage-my-life-if-we-separate\/","og_site_name":"Baby Journey","article_modified_time":"2022-10-28T14:48:28+00:00","twitter_card":"summary_large_image","twitter_misc":{"Est. reading time":"8 minutes"},"schema":{"@context":"https:\/\/schema.org","@graph":[{"@type":"WebPage","@id":"https:\/\/webstaging.babyjourney.se\/podcast_episodes\/hur-ska-jag-ha-rad-med-mitt-liv-om-vi-separerar\/","url":"https:\/\/webstaging.babyjourney.se\/podcast_episodes\/hur-ska-jag-ha-rad-med-mitt-liv-om-vi-separerar\/","name":"How will I afford my life if we separate? | Baby Journey","isPartOf":{"@id":"https:\/\/webstaging.babyjourney.se\/#website"},"datePublished":"2022-09-29T09:31:42+00:00","dateModified":"2022-10-28T14:48:28+00:00","breadcrumb":{"@id":"https:\/\/webstaging.babyjourney.se\/podcast_episodes\/hur-ska-jag-ha-rad-med-mitt-liv-om-vi-separerar\/#breadcrumb"},"inLanguage":"en-US","potentialAction":[{"@type":"ReadAction","target":["https:\/\/webstaging.babyjourney.se\/podcast_episodes\/hur-ska-jag-ha-rad-med-mitt-liv-om-vi-separerar\/"]}]},{"@type":"BreadcrumbList","@id":"https:\/\/webstaging.babyjourney.se\/podcast_episodes\/hur-ska-jag-ha-rad-med-mitt-liv-om-vi-separerar\/#breadcrumb","itemListElement":[{"@type":"ListItem","position":1,"name":"Home","item":"https:\/\/webstaging.babyjourney.se\/"},{"@type":"ListItem","position":2,"name":"Hur ska jag ha r\u00e5d med mitt liv om vi separerar?"}]},{"@type":"WebSite","@id":"https:\/\/webstaging.babyjourney.se\/#website","url":"https:\/\/webstaging.babyjourney.se\/","name":"Baby Journey","description":"The Baby Journey Pregnancy App is designed to reduce loneliness during pregnancy and increase connection between pregnant women and their partners.","potentialAction":[{"@type":"SearchAction","target":{"@type":"EntryPoint","urlTemplate":"https:\/\/webstaging.babyjourney.se\/?s={search_term_string}"},"query-input":{"@type":"PropertyValueSpecification","valueRequired":true,"valueName":"search_term_string"}}],"inLanguage":"en-US"}]}},"_links":{"self":[{"href":"https:\/\/webstaging.babyjourney.se\/en\/wp-json\/wp\/v2\/podcast_episodes\/2788","targetHints":{"allow":["GET"]}}],"collection":[{"href":"https:\/\/webstaging.babyjourney.se\/en\/wp-json\/wp\/v2\/podcast_episodes"}],"about":[{"href":"https:\/\/webstaging.babyjourney.se\/en\/wp-json\/wp\/v2\/types\/podcast_episodes"}],"wp:attachment":[{"href":"https:\/\/webstaging.babyjourney.se\/en\/wp-json\/wp\/v2\/media?parent=2788"}],"wp:term":[{"taxonomy":"podcast_name","embeddable":true,"href":"https:\/\/webstaging.babyjourney.se\/en\/wp-json\/wp\/v2\/podcast_name?post=2788"}],"curies":[{"name":"wp","href":"https:\/\/api.w.org\/{rel}","templated":true}]}}

<p>Sometimes the worst happens, no matter how much we don't want to think about it. Death, divorce, illness and other negative life changes can happen when we least expect it. That's why it's important to prepare for the worst! In this episode, Emma from Länsförsäkringar shows you how to do it step by step. Just press play and you'll have answers to your questions in just 15 minutes!</p>

<!-- This site is optimized with the Yoast SEO plugin v27.2 - https://yoast.com/product/yoast-seo-wordpress/ -->
<title>Hur ska jag ha råd med mitt liv om vi separerar? | Baby Journey</title>
<meta name="robots" content="noindex, follow" />
<meta property="og:locale" content="en_US" />
<meta property="og:type" content="article" />
<meta property="og:title" content="Hur ska jag ha råd med mitt liv om vi separerar? | Baby Journey" />
<meta property="og:description" content="Ibland inträffar det värsta, hur ogärna vi än vill tänka på det. Dödsfall, skilsmässa, sjukdomar och andra negativa livsförändringar kan hända när vi minst anar det. Därför är det viktigt att vi förbereder oss för om det värsta händer! Hur&hellip;" />
<meta property="og:url" content="https://webstaging.babyjourney.se/en/podcast_episodes/how-will-i-manage-my-life-if-we-separate/" />
<meta property="og:site_name" content="Baby Journey" />
<meta property="article:modified_time" content="2022-10-28T14:48:28+00:00" />
<meta name="twitter:card" content="summary_large_image" />
<meta name="twitter:label1" content="Est. reading time" />
	<meta name="twitter:data1" content="8 minutes" />
<script type="application/ld+json" class="yoast-schema-graph">{"@context":"https://schema.org","@graph":[{"@type":"WebPage","@id":"https://webstaging.babyjourney.se/podcast_episodes/hur-ska-jag-ha-rad-med-mitt-liv-om-vi-separerar/","url":"https://webstaging.babyjourney.se/podcast_episodes/hur-ska-jag-ha-rad-med-mitt-liv-om-vi-separerar/","name":"Hur ska jag ha råd med mitt liv om vi separerar? | Baby Journey","isPartOf":{"@id":"https://webstaging.babyjourney.se/#website"},"datePublished":"2022-09-29T09:31:42+00:00","dateModified":"2022-10-28T14:48:28+00:00","breadcrumb":{"@id":"https://webstaging.babyjourney.se/podcast_episodes/hur-ska-jag-ha-rad-med-mitt-liv-om-vi-separerar/#breadcrumb"},"inLanguage":"en-US","potentialAction":[{"@type":"ReadAction","target":["https://webstaging.babyjourney.se/podcast_episodes/hur-ska-jag-ha-rad-med-mitt-liv-om-vi-separerar/"]}]},{"@type":"BreadcrumbList","@id":"https://webstaging.babyjourney.se/podcast_episodes/hur-ska-jag-ha-rad-med-mitt-liv-om-vi-separerar/#breadcrumb","itemListElement":[{"@type":"ListItem","position":1,"name":"Home","item":"https://webstaging.babyjourney.se/"},{"@type":"ListItem","position":2,"name":"Hur ska jag ha råd med mitt liv om vi separerar?"}]},{"@type":"WebSite","@id":"https://webstaging.babyjourney.se/#website","url":"https://webstaging.babyjourney.se/","name":"Baby Journey","description":"Baby Journey Gravidapp är framtagen för att minska ensamheten under en graviditet och öka samhörigheten bland gravida kvinnor och partners.","potentialAction":[{"@type":"SearchAction","target":{"@type":"EntryPoint","urlTemplate":"https://webstaging.babyjourney.se/?s={search_term_string}"},"query-input":{"@type":"PropertyValueSpecification","valueRequired":true,"valueName":"search_term_string"}}],"inLanguage":"en-US"}]}</script>
<!-- / Yoast SEO plugin. -->

Hur ska jag ha råd med mitt liv om vi separerar? | Baby Journey

Ibland inträffar det värsta, hur ogärna vi än vill tänka på det. Dödsfall, skilsmässa, sjukdomar och andra negativa livsförändringar kan hända när vi minst anar det. Därför är det viktigt att vi förbereder oss för om det värsta händer! Hur&hellip;

Hur ska jag ha råd med mitt liv om vi separerar?
