
{"id":3098,"date":"2022-11-29T10:45:00","date_gmt":"2022-11-29T09:45:00","guid":{"rendered":"https:\/\/babyjourney.se\/?post_type=podcast_episodes&#038;p=3098"},"modified":"2022-12-13T10:46:09","modified_gmt":"2022-12-13T09:46:09","slug":"s03e05-being-pregnant-and-getting-a-cancer-diagnosis","status":"publish","type":"podcast_episodes","link":"https:\/\/webstaging.babyjourney.se\/en\/podcast_episodes\/s03e05-att-vara-gravid-och-fa-en-cancerdiagnos\/","title":{"rendered":"S03E05. Being pregnant and getting a cancer diagnosis"},"content":{"rendered":"<div class=\"ant-row Episode__Container-r7djqk-5 bubvYp\">\n<div class=\"ant-col ant-col-sm-24 ant-col-sm-offset-0 ant-col-md-10 ant-col-md-offset-1\">\n<div class=\"Episode__Content-r7djqk-4 brvkey\">\n<div>\n<p>What is it like to go through a trauma at the same time as a pregnancy - and the beginning of motherhood? How do you dare to dream about a sibling? And how do you cope? In this episode of the Baby Talk podcast, Nea Holm shares her story. Linnea, who is otherwise up to date with the podcast Surret that she has with Hanna Persson, where they both openly share life's big and small things.<\/p>\n<\/div>\n<\/div>\n<\/div>\n<\/div>","protected":false},"featured_media":0,"template":"","meta":{"_acf_changed":false},"podcast_name":[22],"class_list":["post-3098","podcast_episodes","type-podcast_episodes","status-publish","hentry","podcast_name-baby-talk"],"acf":{"sponsorer":"","iframe":"<iframe src=\"https:\/\/embed.acast.com\/$\/60264da5f674af34c3922555\/5-att-vara-gravid-och-fa-en-cancerdiagnos\" frameBorder=\"0\" width=\"100%\" height=\"110px\" allow=\"autoplay\"><\/iframe>"},"yoast_head":"<!-- This site is optimized with the Yoast SEO plugin v27.2 - https:\/\/yoast.com\/product\/yoast-seo-wordpress\/ -->\n<title>S03E05. Att vara gravid och f\u00e5 en cancerdiagnos | Baby Journey<\/title>\n<meta name=\"robots\" content=\"noindex, follow\" \/>\n<meta property=\"og:locale\" content=\"en_US\" \/>\n<meta property=\"og:type\" content=\"article\" \/>\n<meta property=\"og:title\" content=\"S03E05. Att vara gravid och f\u00e5 en cancerdiagnos | Baby Journey\" \/>\n<meta property=\"og:description\" content=\"Hur \u00e4r det att g\u00e5 igenom ett trauma samtidigt som en graviditet &#8211; och b\u00f6rjan av ens moderskap? Hur v\u00e5gar man dr\u00f6mma om ett syskon? Och hur g\u00f6r man f\u00f6r att orka? I detta avsnitt av Baby Talk-podden delar Nea&hellip;\" \/>\n<meta property=\"og:url\" content=\"https:\/\/webstaging.babyjourney.se\/en\/podcast_episodes\/s03e05-being-pregnant-and-getting-a-cancer-diagnosis\/\" \/>\n<meta property=\"og:site_name\" content=\"Baby Journey\" \/>\n<meta property=\"article:modified_time\" content=\"2022-12-13T09:46:09+00:00\" \/>\n<meta name=\"twitter:card\" content=\"summary_large_image\" \/>\n<meta name=\"twitter:label1\" content=\"Est. reading time\" \/>\n\t<meta name=\"twitter:data1\" content=\"1 minute\" \/>\n<script type=\"application\/ld+json\" class=\"yoast-schema-graph\">{\"@context\":\"https:\/\/schema.org\",\"@graph\":[{\"@type\":\"WebPage\",\"@id\":\"https:\/\/webstaging.babyjourney.se\/podcast_episodes\/s03e05-att-vara-gravid-och-fa-en-cancerdiagnos\/\",\"url\":\"https:\/\/webstaging.babyjourney.se\/podcast_episodes\/s03e05-att-vara-gravid-och-fa-en-cancerdiagnos\/\",\"name\":\"S03E05. Att vara gravid och f\u00e5 en cancerdiagnos | Baby Journey\",\"isPartOf\":{\"@id\":\"https:\/\/webstaging.babyjourney.se\/#website\"},\"datePublished\":\"2022-11-29T09:45:00+00:00\",\"dateModified\":\"2022-12-13T09:46:09+00:00\",\"breadcrumb\":{\"@id\":\"https:\/\/webstaging.babyjourney.se\/podcast_episodes\/s03e05-att-vara-gravid-och-fa-en-cancerdiagnos\/#breadcrumb\"},\"inLanguage\":\"en-US\",\"potentialAction\":[{\"@type\":\"ReadAction\",\"target\":[\"https:\/\/webstaging.babyjourney.se\/podcast_episodes\/s03e05-att-vara-gravid-och-fa-en-cancerdiagnos\/\"]}]},{\"@type\":\"BreadcrumbList\",\"@id\":\"https:\/\/webstaging.babyjourney.se\/podcast_episodes\/s03e05-att-vara-gravid-och-fa-en-cancerdiagnos\/#breadcrumb\",\"itemListElement\":[{\"@type\":\"ListItem\",\"position\":1,\"name\":\"Home\",\"item\":\"https:\/\/webstaging.babyjourney.se\/\"},{\"@type\":\"ListItem\",\"position\":2,\"name\":\"S03E05. Att vara gravid och f\u00e5 en cancerdiagnos\"}]},{\"@type\":\"WebSite\",\"@id\":\"https:\/\/webstaging.babyjourney.se\/#website\",\"url\":\"https:\/\/webstaging.babyjourney.se\/\",\"name\":\"Baby Journey\",\"description\":\"Baby Journey Gravidapp \u00e4r framtagen f\u00f6r att minska ensamheten under en graviditet och \u00f6ka samh\u00f6righeten bland gravida kvinnor och partners.\",\"potentialAction\":[{\"@type\":\"SearchAction\",\"target\":{\"@type\":\"EntryPoint\",\"urlTemplate\":\"https:\/\/webstaging.babyjourney.se\/?s={search_term_string}\"},\"query-input\":{\"@type\":\"PropertyValueSpecification\",\"valueRequired\":true,\"valueName\":\"search_term_string\"}}],\"inLanguage\":\"en-US\"}]}<\/script>\n<!-- \/ Yoast SEO plugin. -->","yoast_head_json":{"title":"S03E05. Being pregnant and getting a cancer diagnosis | Baby Journey","robots":{"index":"noindex","follow":"follow"},"og_locale":"en_US","og_type":"article","og_title":"S03E05. Att vara gravid och f\u00e5 en cancerdiagnos | Baby Journey","og_description":"Hur \u00e4r det att g\u00e5 igenom ett trauma samtidigt som en graviditet &#8211; och b\u00f6rjan av ens moderskap? Hur v\u00e5gar man dr\u00f6mma om ett syskon? Och hur g\u00f6r man f\u00f6r att orka? I detta avsnitt av Baby Talk-podden delar Nea&hellip;","og_url":"https:\/\/webstaging.babyjourney.se\/en\/podcast_episodes\/s03e05-being-pregnant-and-getting-a-cancer-diagnosis\/","og_site_name":"Baby Journey","article_modified_time":"2022-12-13T09:46:09+00:00","twitter_card":"summary_large_image","twitter_misc":{"Est. reading time":"1 minute"},"schema":{"@context":"https:\/\/schema.org","@graph":[{"@type":"WebPage","@id":"https:\/\/webstaging.babyjourney.se\/podcast_episodes\/s03e05-att-vara-gravid-och-fa-en-cancerdiagnos\/","url":"https:\/\/webstaging.babyjourney.se\/podcast_episodes\/s03e05-att-vara-gravid-och-fa-en-cancerdiagnos\/","name":"S03E05. Being pregnant and getting a cancer diagnosis | Baby Journey","isPartOf":{"@id":"https:\/\/webstaging.babyjourney.se\/#website"},"datePublished":"2022-11-29T09:45:00+00:00","dateModified":"2022-12-13T09:46:09+00:00","breadcrumb":{"@id":"https:\/\/webstaging.babyjourney.se\/podcast_episodes\/s03e05-att-vara-gravid-och-fa-en-cancerdiagnos\/#breadcrumb"},"inLanguage":"en-US","potentialAction":[{"@type":"ReadAction","target":["https:\/\/webstaging.babyjourney.se\/podcast_episodes\/s03e05-att-vara-gravid-och-fa-en-cancerdiagnos\/"]}]},{"@type":"BreadcrumbList","@id":"https:\/\/webstaging.babyjourney.se\/podcast_episodes\/s03e05-att-vara-gravid-och-fa-en-cancerdiagnos\/#breadcrumb","itemListElement":[{"@type":"ListItem","position":1,"name":"Home","item":"https:\/\/webstaging.babyjourney.se\/"},{"@type":"ListItem","position":2,"name":"S03E05. Att vara gravid och f\u00e5 en cancerdiagnos"}]},{"@type":"WebSite","@id":"https:\/\/webstaging.babyjourney.se\/#website","url":"https:\/\/webstaging.babyjourney.se\/","name":"Baby Journey","description":"The Baby Journey Pregnancy App is designed to reduce loneliness during pregnancy and increase connection between pregnant women and their partners.","potentialAction":[{"@type":"SearchAction","target":{"@type":"EntryPoint","urlTemplate":"https:\/\/webstaging.babyjourney.se\/?s={search_term_string}"},"query-input":{"@type":"PropertyValueSpecification","valueRequired":true,"valueName":"search_term_string"}}],"inLanguage":"en-US"}]}},"_links":{"self":[{"href":"https:\/\/webstaging.babyjourney.se\/en\/wp-json\/wp\/v2\/podcast_episodes\/3098","targetHints":{"allow":["GET"]}}],"collection":[{"href":"https:\/\/webstaging.babyjourney.se\/en\/wp-json\/wp\/v2\/podcast_episodes"}],"about":[{"href":"https:\/\/webstaging.babyjourney.se\/en\/wp-json\/wp\/v2\/types\/podcast_episodes"}],"wp:attachment":[{"href":"https:\/\/webstaging.babyjourney.se\/en\/wp-json\/wp\/v2\/media?parent=3098"}],"wp:term":[{"taxonomy":"podcast_name","embeddable":true,"href":"https:\/\/webstaging.babyjourney.se\/en\/wp-json\/wp\/v2\/podcast_name?post=3098"}],"curies":[{"name":"wp","href":"https:\/\/api.w.org\/{rel}","templated":true}]}}

<!-- This site is optimized with the Yoast SEO plugin v27.2 - https://yoast.com/product/yoast-seo-wordpress/ -->
<title>S03E05. Att vara gravid och få en cancerdiagnos | Baby Journey</title>
<meta name="robots" content="noindex, follow" />
<meta property="og:locale" content="en_US" />
<meta property="og:type" content="article" />
<meta property="og:title" content="S03E05. Att vara gravid och få en cancerdiagnos | Baby Journey" />
<meta property="og:description" content="Hur är det att gå igenom ett trauma samtidigt som en graviditet &#8211; och början av ens moderskap? Hur vågar man drömma om ett syskon? Och hur gör man för att orka? I detta avsnitt av Baby Talk-podden delar Nea&hellip;" />
<meta property="og:url" content="https://webstaging.babyjourney.se/en/podcast_episodes/s03e05-being-pregnant-and-getting-a-cancer-diagnosis/" />
<meta property="og:site_name" content="Baby Journey" />
<meta property="article:modified_time" content="2022-12-13T09:46:09+00:00" />
<meta name="twitter:card" content="summary_large_image" />
<meta name="twitter:label1" content="Est. reading time" />
	<meta name="twitter:data1" content="1 minute" />
<script type="application/ld+json" class="yoast-schema-graph">{"@context":"https://schema.org","@graph":[{"@type":"WebPage","@id":"https://webstaging.babyjourney.se/podcast_episodes/s03e05-att-vara-gravid-och-fa-en-cancerdiagnos/","url":"https://webstaging.babyjourney.se/podcast_episodes/s03e05-att-vara-gravid-och-fa-en-cancerdiagnos/","name":"S03E05. Att vara gravid och få en cancerdiagnos | Baby Journey","isPartOf":{"@id":"https://webstaging.babyjourney.se/#website"},"datePublished":"2022-11-29T09:45:00+00:00","dateModified":"2022-12-13T09:46:09+00:00","breadcrumb":{"@id":"https://webstaging.babyjourney.se/podcast_episodes/s03e05-att-vara-gravid-och-fa-en-cancerdiagnos/#breadcrumb"},"inLanguage":"en-US","potentialAction":[{"@type":"ReadAction","target":["https://webstaging.babyjourney.se/podcast_episodes/s03e05-att-vara-gravid-och-fa-en-cancerdiagnos/"]}]},{"@type":"BreadcrumbList","@id":"https://webstaging.babyjourney.se/podcast_episodes/s03e05-att-vara-gravid-och-fa-en-cancerdiagnos/#breadcrumb","itemListElement":[{"@type":"ListItem","position":1,"name":"Home","item":"https://webstaging.babyjourney.se/"},{"@type":"ListItem","position":2,"name":"S03E05. Att vara gravid och få en cancerdiagnos"}]},{"@type":"WebSite","@id":"https://webstaging.babyjourney.se/#website","url":"https://webstaging.babyjourney.se/","name":"Baby Journey","description":"Baby Journey Gravidapp är framtagen för att minska ensamheten under en graviditet och öka samhörigheten bland gravida kvinnor och partners.","potentialAction":[{"@type":"SearchAction","target":{"@type":"EntryPoint","urlTemplate":"https://webstaging.babyjourney.se/?s={search_term_string}"},"query-input":{"@type":"PropertyValueSpecification","valueRequired":true,"valueName":"search_term_string"}}],"inLanguage":"en-US"}]}</script>
<!-- / Yoast SEO plugin. -->

S03E05. Att vara gravid och få en cancerdiagnos | Baby Journey

Hur är det att gå igenom ett trauma samtidigt som en graviditet &#8211; och början av ens moderskap? Hur vågar man drömma om ett syskon? Och hur gör man för att orka? I detta avsnitt av Baby Talk-podden delar Nea&hellip;

S03E05. Att vara gravid och få en cancerdiagnos
